 be g(67). What is the greatest common factor of s and x?
24
Let a(k) = 6651*k**3 - 5*k**2 + k. Let u be a(1). Calculate the highest common factor of u and 46.
23
Let r = -8 - -10. Suppose -2*n = 5*y - 15, r*n = -y + 2*y + 45. Suppose d - 18 = -d - 4*o, -3*d = -o - 13. Calculate the highest common factor of n and d.
5
Let s be 3871/(-539) + 4/22. Let g be 2 - (-12)/s - 627/(-231). What is the greatest common divisor of g and 2?
1
Let w be 124 - ((2 - 5) + 1). Suppose -38*g + 1232 = 50*g. What is the highest common factor of g and w?
14
Suppose -3*d - 15 = 0, 0 = -2*o + 3*d + 19256 + 2103. What is the highest common factor of o and 32?
16
Let k = -95 + 96. Suppose o + a - k = -3*a, -3*a = 0. Calculate the highest common divisor of o and 48.
1
Let i = -274 + 283. Suppose i*s = 97 + 272. What is the greatest common factor of 1025 and s?
41
Let s(r) = r**3 + 4*r**2 - 12*r + 4. Let b be s(-6). Suppose b*k + 772 = u + 3*u, 2*k + 8 = 0. What is the greatest common factor of 108 and u?
27
Let w = -5883 + 6243. What is the greatest common divisor of w and 1890?
90
Let t = -23403 - -23438. Calculate the greatest common divisor of 3045 and t.
35
Suppose -158*b + 150*b = 72. Let n(y) = -y**3 - 8*y**2 - 3. Let o be n(b). What is the greatest common factor of 858 and o?
78
Let x be 96 + (-8 - -3) + 17. Calculate the greatest common divisor of x and 1476.
36
Let n = -4227 - -16667. Calculate the greatest common factor of 40 and n.
40
Let c = -74 - -72. Let l be (1345/10 + -1)/(1/c). Let v = l + 643. What is the highest common factor of v and 47?
47
Let l(w) = 1994*w + 16869. Let z be l(-8). What is the highest common divisor of z and 655?
131
Let x = -169 - -1440. What is the highest common factor of x and 164?
41
Let i be (192/48)/((-1)/(-2)). Calculate the highest common factor of 914 and i.
2
Let c = 450 - 446. Suppose -3*u + 2*a + 16 = 0, -4 - 12 = -c*a. What is the highest common factor of u and 328?
8
Suppose -3*r + 64 = -r. Let s(a) = 4*a**2 - 80*a + 416. Let v be s(16). What is the greatest common divisor of v and r?
32
Let x be (34/4)/((-2)/(-12)). Let t be 5/(-14 - (-602)/21 - 13). Calculate the highest common factor of x and t.
3
Let b(s) = 20*s**3 - 3*s**2 + 12*s. Let n be b(4). Suppose -3*x + t - 2532 = -7*x, 2*x - n = -4*t. Calculate the greatest common divisor of 8 and x.
8
Let a(p) = 6*p - 2. Let u be a(2). Suppose r - l = 72, -6*l = -l + u. Let g = -515 - -525. Calculate the greatest common factor of g and r.
10
Let i be (-5)/(-2) + 228/(-24). Let a be (1 - 31)/(((-56)/(-20))/i). Calculate the greatest common divisor of 175 and a.
25
Let u = 141 + -141. Let m = u - -25. What is the greatest common factor of 225 and m?
25
Suppose -80*a + 612 = -86*a. Let n = a + 117. Let x be -7 + 6 - 1*-6. Calculate the greatest common factor of x and n.
5
Let q be 77300/35 + 32/(-56). Calculate the greatest common factor of q and 621.
69
Suppose 6*h + 700 = 1144. Suppose 0 = 65*p - h*p + 1764. What is the highest common divisor of p and 4?
4
Let k(g) = -g**2 - 43*g + 835. Let j be k(13). Suppose 5*f = 288 - 113. Let v = j - f. Calculate the greatest common divisor of v and 27.
9
Suppose -2 = -3*v - 50. Let x(z) = -11*z - 65. Let o be x(v). Suppose 156 = 4*l + 4*r, -4*l - 6*r = -11*r - o. What is the highest common factor of 102 and l?
34
Let a = -8166 - -8471. Calculate the highest common divisor of 55 and a.
5
Let o be -2 + -1 + (1 - 350/3)*-102. What is the highest common factor of o and 35?
35
Let n(a) = -630*a - 1934. Let o be n(-6). What is the highest common divisor of 994 and o?
142
Let x be (-2)/(-9) + 2/(-9). Let j = -333 + 343. Suppose -r + x = -j. What is the highest common divisor of 80 and r?
10
Suppose 6178 = 107*z - 10050 + 1462. Calculate the greatest common factor of z and 138.
138
Let g(a) = -10*a**3 - 11*a**2 - 15*a - 2. Let u be g(-1). Calculate the greatest common divisor of u and 11304.
12
Let i be ((-27)/6)/(4/(-408)*3). Suppose i*a - 80 = 137*a. Calculate the highest common factor of 75 and a.
5
Suppose -5*y = -1491 - 1204. Suppose -414*z + 245 = -409*z. What is the highest common divisor of y and z?
49
Let u = 18 - 24. Let v = -5 - u. Let h be (11*v + (-22)/(-11))*5. What is the greatest common divisor of h and 13?
13
Let h be -1137*(-1)/3*1. Let x = h + -218. Suppose 4*l - 5*i - 98 = -2*i, -6 = 3*i. Calculate the greatest common divisor of l and x.
23
Let s be (-90396)/(-72)*2/3. Suppose -15*z + s = -12*z. Calculate the greatest common divisor of 31 and z.
31
Suppose 24 = -4*d, -9899 = -4*b - b + 4*d. Calculate the greatest common divisor of 237 and b.
79
Let l(t) = 7*t**2 - 27*t + 33. Let b be l(9). Let p = b + -345. What is the highest common divisor of 228 and p?
12
Let d(f) = -47*f - 186. Let s be d(-10). Let q = s - -87. Calculate the greatest common divisor of q and 53.
53
Let p(m) = 179*m**3 - 5*m**2 - 9*m + 181. Let o be p(5). Calculate the greatest common factor of o and 14.
14
Suppose -12*p + 31*p = -6194. Let y = 564 + p. Calculate the highest common divisor of 14 and y.
14
Suppose 5*j - 7*r = -2*r - 45, -4*j - 43 = 3*r. Let m be (6/(-4))/((-35)/j + -5). Let x be 3 - (0 + 1*-2). Calculate the greatest common factor of m and x.
1
Suppose u + 104 = -3*u. Let t be 66/(-4)*u/3. Suppose -2*x + 34 = -2*j, 9 = x - 351*j + 352*j. What is the highest common divisor of x and t?
13
Suppose 0 = c - 1, -4*i + 2*c = -3*i - 206. Let h = -12490 + 12503. Calculate the greatest common divisor of h and i.
13
Suppose -19215 = 410*a - 254*a - 217*a. Suppose -f + 144 = -3*y, 0 = -2*f + 2*y + 50 + 226. What is the highest common divisor of a and f?
45
Suppose -2*n + 60 = n. Suppose -4*k + 37 = 5*z, -3*k + 29 = 150*z - 146*z. Calculate the highest common divisor of n and z.
5
Suppose 6*o + 8 - 56 = 0. Let d be ((-5)/(-20))/(1/8). Suppose 5*m - d*m - 12 = 0. Calculate the highest common factor of o and m.
4
Let j(i) = -203*i - 835. Let m be j(-5). What is the greatest common divisor of m and 384?
12
Suppose 8 = 2*k + 2*k. Suppose k*j + 3*j - 60 = 0. Suppose 5*q + 10944 = 233*q. Calculate the highest common factor of j and q.
12
Suppose -427 + 125 - 658 = -8*j. Calculate the greatest common factor of j and 2724.
12
Let y be ((-162)/189)/(4/(-14)). Suppose y*r - 2*d = -0*d + 804, -3*d = -r + 261. What is the highest common factor of r and 5?
5
Suppose 7844 + 868 = 24*a. Suppose 5*h - 1097 - a = 0. What is the highest common factor of h and 4?
4
Let f(x) = -x**2 + x + 28. Let v be f(0). Suppose 0 = -21*y + 33*y - 36. Suppose y*d - 47 - 42 = -r, 4*r - 20 = 0. What is the highest common factor of d and v?
28
Suppose 35*z - 12325 = -3820. Calculate the greatest common factor of 54 and z.
27
Let d(j) = -4*j - 14. Let v(w) = w**2 + 15*w - 38. Let h be v(-17). Let x be d(h). Suppose x*p - 64 + 60 = 0. What is the greatest common divisor of 8 and p?
2
Suppose -5*i = 163 - 313. Suppose 0 = 70*q - 64*q - i. Let j be (-15 - 1)*(-10)/4. Calculate the greatest common factor of j and q.
5
Let r = 23 - 20. Suppose -784 = -r*l - 11*l. Calculate the greatest common factor of 448 and l.
56
Let q(l) = -100*l**3 - l. Let k be q(-1). Let u be 6/(-3) + -74 + (208/(-8))/13. Let h = u + k. Calculate the greatest common factor of h and 46.
23
Let b(f) = 3*f**3 - 121*f**2 - 79*f - 79. Let o be b(41). What is the greatest common factor of o and 1177?
11
Suppose -93*q + 261711 + 175886 = 108842. What is the greatest common divisor of 175 and q?
35
Let h(j) = -131*j + 786. Let z be h(0). Calculate the greatest common divisor of 12 and z.
6
Let k be 7*6/(-7)*-3. Suppose 16*l - 3739 - 2709 = 0. Suppose 0 = 23*x - 19*x + 5*b - 529, -3*x - 5*b + l = 0. Calculate the highest common divisor of x and k.
18
Let i = -1076 - -1088. Suppose 4*c = c + 252. What is the highest common factor of c and i?
12
Let r = -43552 + 89356. Calculate the highest common factor of 347 and r.
347
Let m(l) = -l**2 - 8*l + 70. Let o be m(8). Let x = o + 79. What is the greatest common factor of x and 294?
21
Let m(j) = -69*j - 1048. Let w be m(-24). Calculate the highest common factor of 38 and w.
38
Suppose -6*f - 561 + 4214 = -37. What is the highest common factor of f and 15?
15
Let k = 7737 + -7695. What is the greatest common factor of k and 2331?
21
Let j(a) = 2*a**2 + 42*a - 288. Let i be j(11